s digit of 59094?
4
What is the units digit of 3?
3
What is the units digit of 3092?
2
What is the ten thousands digit of 12189?
1
What is the tens digit of 18280?
8
What is the tens digit of 1111?
1
What is the units digit of 56660?
0
What is the units digit of 9574?
4
What is the tens digit of 2532?
3
What is the hundreds digit of 56748?
7
What is the thousands digit of 23881?
3
What is the tens digit of 25?
2
What is the tens digit of 53393?
9
What is the hundred thousands digit of 104703?
1
What is the units digit of 15?
5
What is the hundreds digit of 4290?
2
What is the tens digit of 340?
4
What is the units digit of 19906?
6
What is the units digit of 922?
2
What is the units digit of 1756?
6
What is the units digit of 34713?
3
What is the units digit of 1200?
0
What is the tens digit of 277?
7
What is the units digit of 23295?
5
What is the hundreds digit of 67495?
4
What is the hundreds digit of 495?
4
What is the thousands digit of 1398?
1
What is the hundreds digit of 6117?
1
What is the thousands digit of 8232?
8
What is the tens digit of 20573?
7
What is the units digit of 623?
3
What is the units digit of 14147?
7
What is the hundreds digit of 88385?
3
What is the thousands digit of 25953?
5
What is the hundreds digit of 47751?
7
What is the tens digit of 116?
1
What is the hundreds digit of 2509?
5
What is the tens digit of 64742?
4
What is the tens digit of 9170?
7
What is the tens digit of 1266?
6
What is the hundreds digit of 2807?
8
What is the hundreds digit of 6838?
8
What is the units digit of 1652?
2
What is the units digit of 674?
4
What is the tens digit of 95677?
7
What is the units digit of 424?
4
What is the tens digit of 1171?
7
What is the tens digit of 23?
2
What is the ten thousands digit of 18252?
1
What is the units digit of 23030?
0
What is the ten thousands digit of 19848?
1
What is the hundreds digit of 1049?
0
What is the tens digit of 99?
9
What is the tens digit of 337?
3
What is the units digit of 9517?
7
What is the hundreds digit of 2733?
7
What is the tens digit of 62?
6
What is the tens digit of 1089?
8
What is the tens digit of 395?
9
What is the units digit of 13857?
7
What is the tens digit of 10136?
3
What is the thousands digit of 17926?
7
What is the tens digit of 15067?
6
What is the units digit of 1212?
2
What is the units digit of 299?
9
What is the tens digit of 58388?
8
What is the hundreds digit of 735?
7
What is the hundreds digit of 4379?
3
What is the tens digit of 1712?
1
What is the units digit of 25325?
5
What is the tens digit of 255?
5
What is the tens digit of 1014?
1
What is the hundreds digit of 30905?
9
What is the thousands digit of 2770?
2
What is the tens digit of 646?
4
What is the units digit of 114?
4
What is the tens digit of 7704?
0
What is the hundreds digit of 16813?
8
What is the hundreds digit of 2506?
5
What is the units digit of 33630?
0
What is the units digit of 89239?
9
What is the ten thousands digit of 71846?
7
What is the ten thousands digit of 36464?
3
What is the tens digit of 570?
7
What is the units digit of 417?
7
What is the thousands digit of 27647?
7
What is the tens digit of 3331?
3
What is the units digit of 97794?
4
What is the hundreds digit of 23565?
5
What is the thousands digit of 33439?
3
What is the hundreds digit of 1432?
4
What is the units digit of 463?
3
What is the ten thousands digit of 16264?
1
What is the tens digit of 938?
3
What is the hundreds digit of 69103?
1
What is the hundreds digit of 8203?
2
What is the hundreds digit of 7212?
2
What is the tens digit of 17429?
2
What is the thousands digit of 17509?
7
What is the ten thousands digit of 36440?
3
What is the thousands digit of 3270?
3
What is the hundreds digit of 16756?
7
What is the hundreds digit of 14461?
4
What is the hundreds digit of 33518?
5
What is the thousands digit of 10285?
0
What is the units digit of 24541?
1
What is the units digit of 4706?
6
What is the tens digit of 2636?
3
What is the thousands digit of 10219?
0
What is the hundreds digit of 1060?
0
What is the tens digit of 3327?
2
What is the ten thousands digit of 13192?
1
What is the tens digit of 2769?
6
What is the thousands digit of 2396?
2
What is the hundreds digit of 49217?
2
What is the hundreds digit of 2238?
2
What is the units digit of 1196?
6
What is the units digit of 596?
6
What is the tens digit of 13538?
3
What is the hundreds digit of 289?
2
What is the thousands digit of 148997?
8
What is the units digit of 201?
1
What is the hundreds digit of 12492?
4
What is the hundreds digit of 76413?
4
What is the tens digit of 2252?
5
What is the units digit of 16262?
2
What is the thousands digit of 6981?
6
What is the hundreds digit of 9947?
9
What is the hundreds digit of 1573?
5
What is the hundreds digit of 17174?
1
What is the tens digit of 291?
9
What is the thousands digit of 37368?
7
What is the thousands digit of 1688?
1
What is the thousands digit of 2763?
2
What is the thousands digit of 1766?
1
What is the thousands digit of 6713?
6
What is the tens digit of 5187?
8
What is the units digit of 597?
7
What is the hundreds digit of 3625?
6
What is the hundreds digit of 1323?
3
What is the thousands digit of 20340?
0
What is the units digit of 17195?
5
What is the ten thousands digit of 12055?
1
What is the hundreds digit of 12478?
4
What is the hundreds digit of 2947?
9
What is the thousands digit of 90189?
0
What is the hundreds digit of 29811?
8
What is the thousands digit of 34816?
4
What is the units digit of 231?
1
What is the units digit of 721?
1
What is the tens digit of 60588?
8
What is the units digit of 3265?
5
What is the units digit of 1431?
1
What is the units digit of 13874?
4
What is the tens digit of 1075?
7
What is the hundreds digit of 2988?
9
What is the tens digit of 49495?
9
What is the tens digit of 8018?
1
What is the tens digit of 2553?
5
What is the thousands digit of 1028?
1
What is the tens digit of 7046?
4
What is the thousands digit of 22832?
2
What is the ten thousands digit of 12601?
1
What is the units digit of 355?
5
What is the hundreds digit of 9523?
5
What is the tens digit of 61848?
4
What is the thousands digit of 51291?
1
What is the thousands digit of 8097?
8
What is the tens digit of 462?
6
What is the hundreds digit of 587?
5
What is the tens digit of 31148?
4
What is the tens digit of 16949?
4
What is the units digit of 6883?
3
What is the hundreds digit of 580?
5
What is the units digit of 1206?
6
What is the tens digit of 1286?
8
What is the thousands digit of 3394?
3
What is the hundreds digit of 8372?
3
What is the hundreds digit of 967?
9
What is the thousands digit of 28644?
8
What is the thousands digit of 10083?
0
What is the hundreds digit of 1371?
3
What is the units digit of 1006?
6
What is the units digit of 21473?
3
What is the units digit of 151?
1
What is the units digit of 2411?
1
What is the tens digit of 24239?
3
What is the hundreds digit of 27001?
0
What is the thousands digit of 85371?
5
What is the units digit of 183?
3
What is the tens digit of 54551?
5
What is the units digit of 37111?
1
What is the thousands digit of 1392?
1
What is the hundreds digit of 735?
7
What is the tens digit of 4641?
4
What is the thousands digit of 6586?
6
What is the units digit of 120153?
3
What is the thousands digit of 1213?
1
What is the thousands digit of 106022?
6
What is the thousands digit of 5144?
5
What is the units digit of 665?
5
What is the thousands digit of 9220?
9
What is the hundreds digit of 1450?
4
What is the tens digit of 29807?
0
What is the thousands digit of 13382?
3
What is the hundred thousands digit of 115757?
1
What is the hundreds digit of 29137?
1
What is the hundreds digit of 3757?
7
What is the tens digit of 92170?
7
What is the hundreds digit of 3638?
6
What is the tens digit of 13617?
1
What is the units digit of 15754?
4
What is the hundreds digit of 679?
6
What is the tens digit of 8186?
8
What is the units digit of 544?
4
What is the thousands digit of 2248?
2
What is the units digit of 39?
9
What is the hundreds digit of 13362?
3
What is the hundreds digit of 14173?
1
What is the tens digit of 1161?
6
What is the units digit of 124738?
8
What is the hundreds digit of 523?
5
What is the tens digit 